 Calculate the greatest common factor of a and 7.
7
Let d = -1440 - -1496. Let y = -20 - -11. Let j = y + 16. Calculate the highest common factor of d and j.
7
Suppose -4 = 4*q - 24. Suppose -q*b + 108 + 87 = 0. What is the greatest common divisor of 39 and b?
39
Let o be -22 + 35 + 2/(-2). Suppose -6*l + 3*l + o = 0. Calculate the greatest common factor of 4 and l.
4
Suppose 18*c + 13*c = 868. What is the greatest common factor of c and 49?
7
Let h(n) = -n**3 - 14*n**2 + 39*n + 137. Let t be h(-16). What is the greatest common divisor of t and 500?
25
Suppose -708 = -4*u + 4*v, -22*v + 19*v = 3*u - 507. What is the highest common factor of u and 2?
1
Suppose -5*u = 2*u - 14. Suppose u*w - 76 = -o, -113 = -4*w - 4*o + 47. Calculate the highest common factor of 60 and w.
12
Let q = 374 + -371. Calculate the highest common factor of q and 81.
3
Let n = 712 + -709. Let m(f) = -6*f - 9. Let d be m(-6). What is the highest common divisor of n and d?
3
Let v be 11 - (-1*1)/(-1). Suppose 7*h = -0*h + 35. Suppose -3*b - s - 3*s - h = 0, -b = 3*s + 10. What is the highest common factor of v and b?
5
Let f = -3312 - -4740. What is the greatest common factor of f and 24?
12
Let c = -15 + 21. Suppose -2*z - c*m = -m - 76, -z + 25 = -4*m. Let n be (16/24)/(1/z). What is the greatest common divisor of n and 66?
22
Let g = -142 + 294. Suppose 2*t + 0*t - 5*n = 48, -3*n - 6 = 0. Calculate the highest common divisor of t and g.
19
Let n = 27 - 23. Suppose 7*o - n*o = 567. Calculate the greatest common factor of o and 21.
21
Suppose -2403 + 63 = -13*o. What is the greatest common divisor of 405 and o?
45
Let c(h) = -h**3 - 7*h**2 + 5*h + 7. Suppose -q + 35 = -6*q. Let g be c(q). Let l = 48 + g. Calculate the highest common divisor of 10 and l.
10
Let l be (-6)/(-3 + (-916)/(-308)). Let p = l - 119. What is the greatest common factor of 14 and p?
14
Let l(v) = -366*v. Let x(a) = -549*a. Let n(t) = 8*l(t) - 5*x(t). Let u be n(-1). Suppose -543 = -3*w - u. Calculate the greatest common factor of w and 15.
15
Let s(c) = 5*c + 8. Let k be s(-4). Suppose 0*z - 2*z = 50. Let f be (z/(-10))/((-2)/k). What is the highest common factor of 60 and f?
15
Let o = -82 + 82. Let p(m) = -m**2 + 2*m + 57. Let s be p(o). Calculate the highest common divisor of 95 and s.
19
Suppose 0 = -5*d - 3*h + 1099, -4*h = d - 104 - 109. What is the greatest common factor of d and 17?
17
Let o = -9 - -5. Let v(s) = 2*s + 3*s**2 + 6 - 2*s**2 + s. Let d be v(o). Calculate the highest common factor of d and 2.
2
Let f(j) = j - 10. Let q be f(10). Suppose q = 114*y - 117*y + 45. What is the greatest common divisor of y and 105?
15
Let d(a) = -a**2 + 6*a + 4. Let s be d(6). Let u(q) = -q**2 + q - 5. Let y be u(s). Let z = y - -20. What is the greatest common factor of z and 3?
3
Let t be -12*(-3)/48*4. What is the greatest common divisor of t and 96?
3
Let s(q) = 38*q - 250. Let u be s(8). What is the greatest common divisor of u and 297?
27
Suppose 8*t - 7*t - 18 = 0. Suppose t*y + 108 = 22*y. Calculate the highest common factor of y and 36.
9
Suppose 0 = -4*d + b + 65, 5*d - 70 - 12 = b. Let x(z) = 323*z - 1819. Let a be x(6). Calculate the greatest common divisor of d and a.
17
Suppose 5*t - 249 = -f, -t = -200*f + 204*f - 27. Let g be -1 - (-3)/((-6)/(-8)). Let c be (-4 + 55)*1/g. What is the greatest common factor of c and t?
17
Let l = -51 - -230. Suppose 0 = -2*q + u + 199, -2*q + 10*u - 5*u = -l. What is the greatest common divisor of 6 and q?
6
Let q(b) = b**3 + 7*b**2 - 4*b + 6. Let d be q(-7). Let i = -20 + d. Suppose i = -5*g + 59. Calculate the greatest common factor of g and 63.
9
Let p = 469 - 447. Calculate the highest common divisor of 143 and p.
11
Let i(d) = 7*d - 5*d - 3 + 2*d**2 + 3*d. Let r be i(3). What is the highest common divisor of 12 and r?
6
Let o be (-233 - 3) + 8/(-2). Let k be (o/25)/((-2)/60). Calculate the greatest common factor of 36 and k.
36
Let b(z) = 96*z**2 - 4*z - 5. Let q(y) = 97*y**2 - 3*y - 4. Let p(t) = -3*b(t) + 4*q(t). Let w be p(1). Calculate the highest common factor of w and 11.
11
Suppose 5*o = t + 295, -3*t - 20 = t. Calculate the highest common factor of o and 841.
29
Let m = 702 + -408. What is the greatest common divisor of 84 and m?
42
Suppose 0 = -2*s - 6*v + 7*v + 322, 0 = -5*s - 4*v + 792. Calculate the highest common factor of s and 5.
5
Let x(h) = -h**3 + 9*h**2 + h + 5. Let o be x(9). Suppose 3*i - 16 = o. Calculate the greatest common factor of i and 50.
10
Suppose 0 = p + 4534 - 8647. What is the highest common divisor of 9 and p?
9
Suppose 0 = z - 10 + 6. Let c(g) = g**3 - 4*g**2 + 2. Let x be c(z). What is the greatest common factor of 4 and x?
2
Let c = -27 + 30. Suppose -5*m + 2*i + 3 = 1, 2*i = -c*m + 14. Let y(s) = -s**2 + 7*s + 8. Let t be y(7). Calculate the greatest common divisor of t and m.
2
Let o be (-2)/(-5) - (-48)/5. Let h = -91 + 131. Calculate the greatest common divisor of h and o.
10
Suppose -3*u + 43 = -2. Let c(b) = b**3 + b**2 - 7*b. Let i be c(-2). What is the greatest common divisor of i and u?
5
Let u be (-10 - 0) + 71 + -53. Suppose -2*o - 3*o + 2*q = -204, q - 158 = -4*o. What is the highest common divisor of o and u?
8
Let x = -26 + 41. Suppose -x*n + 16*n = 66. Let z be 64/3 - (-2)/3. Calculate the greatest common divisor of n and z.
22
Suppose 7*y = -528 + 1648. What is the highest common divisor of y and 60?
20
Let i(q) = 28*q - 467. Let u be i(17). Let l be 1 + (56/2 - 2). What is the highest common divisor of l and u?
9
Let x(g) = g**3 + 12*g**2 + 16*g - 19. Let z be x(-10). Calculate the highest common divisor of 42 and z.
21
Suppose 0*z + 12 = -2*z. Let j be z + 2 - (-17 - 2). Calculate the greatest common factor of 120 and j.
15
Suppose -4*x - 1360 = -14*x. What is the highest common factor of 8 and x?
8
Suppose 0 = 6*d - 75 - 405. Calculate the highest common divisor of 50 and d.
10
Suppose -1237*h = -1245*h + 1952. Calculate the greatest common factor of h and 12.
4
Suppose 4*y - 109 - 75 = 0. Suppose 2*t - y = -4*z, 5*z = 2*z + 5*t + 67. Suppose -44 - 131 = -5*b. What is the greatest common divisor of b and z?
7
Suppose -13 = -2*a + 63. Suppose 3*z = z + 76. Calculate the greatest common divisor of a and z.
38
Suppose 9*d - 663 = -8*d. Calculate the highest common factor of d and 1326.
39
Let f(k) = -4*k + 9. Let n be f(7). Let g = n + 24. Suppose 0 = 5*i - 0*i - 10. What is the highest common divisor of i and g?
1
Let z = -150 - -359. Calculate the greatest common divisor of z and 33.
11
Let v be 22*(-12)/18*3/(-4). Calculate the greatest common divisor of v and 33.
11
Let f(m) = -m**2 - 11*m + 1. Let v be f(-11). Suppose 8 = 4*g - 8. What is the greatest common factor of v and g?
1
Let f(x) = -6*x + 2. Let s be f(-8). Suppose 85 = 5*r - s. Calculate the greatest common factor of r and 27.
27
Let q be (-2992)/(-72) - ((-20)/45 - 0). Let m = 7 - -14. Calculate the greatest common factor of m and q.
21
Let l(w) = 24*w**2 + 35*w - 225. Let r be l(8). Calculate the highest common factor of r and 37.
37
Let f(j) = 2*j**2 + 58. Let q be f(-3). What is the highest common factor of 1748 and q?
76
Suppose 0 = -0*l + 125*l - 44250. What is the highest common divisor of 12 and l?
6
Suppose 10 = 30*q - 25*q. Suppose -5*f = q*f - 28. What is the highest common divisor of f and 2?
2
Let y = -130 + 350. Let p(k) = 2*k**2 + 2*k - 4. Suppose 2*t - 4*f + 25 = 5, 0 = -3*t + 4*f - 24. Let w be p(t). What is the highest common divisor of w and y?
20
Suppose j - 6 = 4*k + 4*j, 0 = -3*j - 6. Let d = k - -3. Let q(c) = -3*c + 3. Let g be q(-6). What is the greatest common factor of g and d?
3
Suppose 2*p + 7 = t, 4*t + 3*p - 9 = -t. Let h(v) = 4*v**2 - v + 2. Let r be h(3). Suppose r = t*l - 34. What is the greatest common factor of l and 46?
23
Suppose -3*d + d - 2 = 0. Let g be 9/((0 - 1)*d). Suppose 3*u = 3*l - 5*l + 24, 3*l - 5*u - 17 = 0. Calculate the greatest common divisor of g and l.
9
Let m(p) = -20*p - 306. Let k be m(-16). Let i(b) = -b - 1. Let q be i(-2). Let a be (3 - q) + 2 + 38. Calculate the greatest common divisor of k and a.
14
Let f(j) = 30*j - 347. Let o be f(13). Calculate the greatest common factor of o and 946.
43
Let r be 148 - 1 - (4 - (-8 + 17)). What is the highest common factor of 16